14
Let t(g) be the second derivative of g**5/20 + 7*g**4/12 + g**3/2 - 2*g**2 + 5*g. What is the remainder when 74 is divided by t(-4)?
10
Suppose 2*o - 12*o = -1987 - 2863. Suppose 147 = 5*h + 3*u, 7*u = 2*h + 2*u - 34. Calculate the remainder when o is divided by h.
26
Let y = -1858 + 5462. Calculate the remainder when y is divided by 20.
4
Let p(i) be the first derivative of 44*i**4 + 2*i**2 - 3*i + 135. Calculate the remainder when p(1) is divided by 90.
87
Let h = -12 - 76. Let a be 1212/(-20)*255/(-153). Let u = a + h. What is the remainder when u is divided by 9?
4
Let s(t) = -24*t + 531. Calculate the remainder when 316 is divided by s(21).
19
Suppose 11*n = 692 - 21. Suppose -241 = -4*h - n. What is the remainder when 134 is divided by h?
44
Let t be 41616/(-24)*2/(-6). Let y = -516 + t. Calculate the remainder when 183 is divided by y.
59
Let x = 1500 + -1434. What is the remainder when x is divided by 19?
9
Let p = 29 + -19. Let n = -75 - -79. Suppose 2*k + 3*w - p = 0, n*w + 18 - 43 = -5*k. What is the remainder when 32 is divided by k?
2
Suppose -z - 13 = 293. What is the remainder when z/(-9) + -12 - 3*1 is divided by 5?
4
Suppose 8*g + 2714 = 31*g. Let j = 104 - 67. Calculate the remainder when g is divided by j.
7
What is the remainder when ((-1247)/(-344) - (6 - 2)) + 18955/8 is divided by 198?
191
Suppose -5*f + 1568 = -c, -42 = 12*c - 18*c. What is the remainder when 1184 is divided by f?
239
Suppose -232*d = -231*d - 152. Let z = -135 + d. Calculate the remainder when 32 is divided by z.
15
Suppose 11*n - 6 + 17 = 0. Let p(q) = 660*q**2 + 12*q + 13. Calculate the remainder when p(n) is divided by 83.
80
What is the remainder when (-56 + (-1 - -4))*(-15)/15 is divided by 52?
1
Calculate the remainder when 312 is divided by (156/(-13) - 1) + 37.
0
Suppose -5*b + 45 = 5*d, -2*d + 2*b = -7 - 7. Suppose -3*o + 13*o = 0. Suppose o = 17*f - 14*f - 63. Calculate the remainder when f is divided by d.
5
Let k = 620 + -244. Let u = k + -340. Calculate the remainder when u is divided by 17.
2
Let j = -70 + 90. Suppose 10*v - j = 100. Suppose -v = -c - 2*h, -3*c + 31 = -2*h + 3. Calculate the remainder when 26 is divided by c.
6
Suppose 66497 - 949 = 10*g + 18*g. Calculate the remainder when g is divided by 50.
41
Let u = 8073 + -7140. Calculate the remainder when u is divided by 52.
49
Suppose -30*r + 19416 = -1794. What is the remainder when r is divided by 142?
139
Let p(c) = -357*c - 8. Let s = 44 - 47. Let t be p(s). Suppose 8*h - t = -111. What is the remainder when h is divided by 24?
23
Suppose -t - 10*t = -946. Suppose -5*z - 2*r - 56 = -194, -3*z + t = -2*r. What is the remainder when 40 is divided by z?
12
Let g be 39 + 1 - 1*(-3 - 1). Suppose h + g = 3*h. Suppose 2*l = n - h, 6*l + 58 = 3*n + 2*l. What is the remainder when n is divided by 3?
2
Suppose 184960 = -76*k + 326*k + 390*k. Calculate the remainder when k is divided by 35.
9
Let l = 6 + -2. Let u = 69 - 41. Suppose 0 = 6*p + p - u. What is the remainder when l is divided by p?
0
Suppose 4*v + 5*t + 14 = 38, -5*t - 9 = v. Suppose 602 = 18*o - 11*o. Calculate the remainder when o is divided by v.
9
Let v(c) = -33*c + 74. Let u be v(7). Let t = 163 + u. Suppose 0 = -h + 4*h - 66. Calculate the remainder when h is divided by t.
4
What is the remainder when 158 is divided by (0 - (4 + -2)) + 0 - (-36 + -1)?
18
Suppose 20 = -3*v + 221. Let a = v + 72. What is the remainder when a is divided by 10?
9
Let x(u) = 11*u**3 - 145*u**2 + 32*u - 50. Calculate the remainder when (-434)/(-8) + 5/(-20) is divided by x(13).
26
Let z = -42873 - -43086. What is the remainder when 19167 is divided by z?
210
Let s be (37 + -3 + -4)*1/3. Let j(k) = 3 - 6 + 8*k + s + 3 - k**2. What is the remainder when j(8) is divided by 8?
2
Suppose 9*i = 5*b - 561 - 200, 45 = -5*i. Calculate the remainder when 19172 is divided by b.
132
Let c(u) = -2*u**2 + 19*u - 13. Let l(a) = -a**3 - 13*a**2 - 13*a - 4. Let h be l(-12). What is the remainder when 4/(-6)*615/(-10) is divided by c(h)?
8
Suppose b = -2*b + 6*q + 132, -5*q + 175 = 5*b. What is the remainder when 76 is divided by b?
0
Let p(u) = 3*u**3 - 37*u**2 + 78*u - 633. Calculate the remainder when 3493 is divided by p(12).
154
Let c = -3643 - -3783. What is the remainder when c is divided by 65?
10
Suppose -21*u + 15*u = -336. Suppose -i - 2*h = -157, 2*h - 6*h - 8 = 0. What is the remainder when i is divided by u?
49
Let n(w) = -3*w**2 + 373*w - 509. Calculate the remainder when n(119) is divided by 346.
11
Let b = 551 + 97. Let z = b + -617. Calculate the remainder when z is divided by 20.
11
Suppose -14110 + 7188 = -136*k + 33742. What is the remainder when k is divided by 61?
55
Suppose -6*p + 12 = -3*p. Let x = -12887 - -12940. Calculate the remainder when x is divided by p.
1
Let t be (22/44)/((-2)/(-652)). Let d = -158 + t. What is the remainder when 15 is divided by d?
0
Suppose 3*q + 5*j - 837 = 0, 8*j = 4*q + 5*j - 1116. Calculate the remainder when q is divided by 106.
67
Let b(o) = 4*o**2 + 2*o + 1. Let z be -3 + 6*(1 - -5). Let l = -9 + z. What is the remainder when l is divided by b(-2)?
11
Suppose 0 = -3*q + 3, -3*q = 4*w - 48 - 51. What is the remainder when 118 is divided by w?
22
Let x be (-6)/3 + 2 - -573. Let l = -539 + x. What is the remainder when 77 is divided by l?
9
Let f = 17 - 11. Let q(a) = -2*a**2 + 4*a - 3. Let u be q(f). Let i = -34 - u. Calculate the remainder when 46 is divided by i.
12
Suppose -6*d = -8*d. Let t = d + 1. Suppose 4*g + 2*y = 20, -2*g - 4*y + t = 3. What is the remainder when 10 is divided by g?
3
Let r = -128 - -332. Let m be r/(-12) + 0/2. Let s(u) = -u**3 - 16*u**2 + 14*u - 5. Calculate the remainder when s(m) is divided by 12.
10
Let o(i) = 2*i**2 - 48*i - 196. What is the remainder when 822 is divided by o(-4)?
10
Suppose -c + 27 = -w, -5*w - 216 = -3*c - 141. Calculate the remainder when c is divided by 19.
11
Suppose -5*w - 2*d + 54 = 0, -4*w - 255 = -d - 306. Calculate the remainder when 2755 is divided by w.
7
Let r = -323 + 327. Let q(h) = -h**2 + 15*h - 10. What is the remainder when q(7) is divided by r?
2
Suppose 5*b + 4*l - 1594 = -377, 5*l + 255 = b. What is the remainder when 712 is divided by b?
222
Let i be (-24)/(-24)*(-838 + -3). Let y = -826 - i. Calculate the remainder when 80/3*(-6)/(-4) is divided by y.
10
Let n = -758 - -828. Calculate the remainder when 156 is divided by n.
16
Let d = 199 + -197. Suppose 3*j - 878 = -0*o + o, d*o + 4 = 0. What is the remainder when j is divided by 49?
47
What is the remainder when 77 is divided by (-105)/30 + 356/8 + -4?
3
Let i(b) = 96*b**2 - 10*b + 11. Calculate the remainder when i(1) is divided by 11.
9
Let l = 137 + -74. Suppose 3*d + q = -1 - 30, -5*d + 4*q - l = 0. Let a = 41 + d. What is the remainder when 87 is divided by a?
27
Let t be ((-174)/9)/((-8)/36). Let h = t - 82. Suppose -214 = -h*b + 3*y, -3*b - 16 + 140 = -4*y. Calculate the remainder when b is divided by 16.
12
Let u be -5*(-10)/(-25) + -4. Calculate the remainder when 272 is divided by 0 - (5 - 17 - u) - -19.
22
Suppose -9*k - 2*h = -5*k - 54, -4*k + 3*h = -59. What is the remainder when 656 is divided by k?
12
Let f(m) = 29*m - 27. Suppose d + s - 6 = -0*d, 2*d + 4*s - 16 = 0. Suppose t - d*b - 25 = 0, t - 2*b - 10 = 7. What is the remainder when f(3) is divided by t?
6
Let j(u) = 0*u**3 - 15*u + 21*u**2 - 4*u - 2*u**3 + 22*u**2 + 9. What is the remainder when j(21) is divided by 4?
3
Let n(f) = 3*f**2 - 29*f + 38. Suppose -12 = -7*b + 58. Calculate the remainder when 114 is divided by n(b).
18
Suppose 3*x - 3*j - 1 = 83, -3*x + 84 = 5*j. Suppose v + 4*o = 12 + 4, v + o = x. What is the remainder when 59 is divided by v?
27
Let i = 35908 + -35396. Calculate the remainder when i is divided by 13.
5
Suppose -4*z + 2 = -2*k + 4, -3*k + 3*z + 15 = 0. Suppose -4*p = -k*p + 405. What is the remainder when 25 is divided by (-2)/4 - p/(-6)?
12
Let k = -7054 - -7210. Calculate the remainder when 3740 is divided by k.
152
Let x = 232 + 215. Let p = 489 - x. Calculate the remainder when 122 is divided by p.
38
Suppose f - 5*q - 53 = 0, 2*f - 739*q = -744*q + 106. What is the remainder when 1058 is divided by f?
51
Suppose 847*u = 830*u + 561. Calculate the remainder when 1